{"id":230,"date":"2021-01-20T12:01:56","date_gmt":"2021-01-20T11:01:56","guid":{"rendered":"http:\/\/www.soledpro.cz\/?page_id=230"},"modified":"2021-02-13T15:26:59","modified_gmt":"2021-02-13T14:26:59","slug":"ochrana-na-brane","status":"publish","type":"page","link":"https:\/\/www.soledpro.cz\/de\/kyberneticka-bezpecnost\/ochrana-na-brane\/","title":{"rendered":"Schutz am Tor"},"content":{"rendered":"<div data-elementor-type=\"wp-page\" data-elementor-id=\"230\" class=\"elementor elementor-230\">\n\t\t\t\t\t\t<section class=\"elementor-section elementor-top-section elementor-element elementor-element-5463e43 elementor-section-height-min-height elementor-section-boxed elementor-section-height-default elementor-section-items-middle\" data-id=\"5463e43\" data-element_type=\"section\" data-settings=\"{&quot;background_background&quot;:&quot;gradient&quot;,&quot;shape_divider_bottom&quot;:&quot;waves&quot;}\">\n\t\t\t\t\t\t\t<div class=\"elementor-background-overlay\"><\/div>\n\t\t\t\t\t\t<div class=\"elementor-shape elementor-shape-bottom\" data-negative=\"false\">\n\t\t\t<svg xmlns=\"http:\/\/www.w3.org\/2000\/svg\" viewbox=\"0 0 1000 100\" preserveaspectratio=\"none\">\n\t<path class=\"elementor-shape-fill\" d=\"M421.9,6.5c22.6-2.5,51.5,0.4,75.5,5.3c23.6,4.9,70.9,23.5,100.5,35.7c75.8,32.2,133.7,44.5,192.6,49.7\tc23.6,2.1,48.7,3.5,103.4-2.5c54.7-6,106.2-25.6,106.2-25.6V0H0v30.3c0,0,72,32.6,158.4,30.5c39.2-0.7,92.8-6.7,134-22.4\tc21.2-8.1,52.2-18.2,79.7-24.2C399.3,7.9,411.6,7.5,421.9,6.5z\"\/>\n<\/svg>\t\t<\/div>\n\t\t\t\t\t<div class=\"elementor-container elementor-column-gap-default\">\n\t\t\t\t\t<div class=\"elementor-column elementor-col-100 elementor-top-column elementor-element elementor-element-d300992\" data-id=\"d300992\" data-element_type=\"column\">\n\t\t\t<div class=\"elementor-widget-wrap elementor-element-populated\">\n\t\t\t\t\t\t<div class=\"elementor-element elementor-element-206c429 elementor-widget elementor-widget-heading\" data-id=\"206c429\" data-element_type=\"widget\" data-widget_type=\"heading.default\">\n\t\t\t\t<div class=\"elementor-widget-container\">\n\t\t\t<h1 class=\"elementor-heading-title elementor-size-default\">Schutz am Tor<\/h1>\t\t<\/div>\n\t\t\t\t<\/div>\n\t\t\t\t<div class=\"elementor-element elementor-element-b858338 elementor-widget elementor-widget-heading\" data-id=\"b858338\" data-element_type=\"widget\" data-widget_type=\"heading.default\">\n\t\t\t\t<div class=\"elementor-widget-container\">\n\t\t\t<h3 class=\"elementor-heading-title elementor-size-default\">SOLEDPRO UV\u00c1D\u00cd NA TRH V \u010cR\nRE\u00c1LNOU IT BEZPE\u010cNOST<\/h3>\t\t<\/div>\n\t\t\t\t<\/div>\n\t\t\t\t\t<\/div>\n\t\t<\/div>\n\t\t\t\t\t<\/div>\n\t\t<\/section>\n\t\t\t\t<section class=\"elementor-section elementor-top-section elementor-element elementor-element-dbdf50f elementor-section-boxed elementor-section-height-default elementor-section-height-default\" data-id=\"dbdf50f\" data-element_type=\"section\">\n\t\t\t\t\t\t<div class=\"elementor-container elementor-column-gap-default\">\n\t\t\t\t\t<div class=\"elementor-column elementor-col-100 elementor-top-column elementor-element elementor-element-5cffd21\" data-id=\"5cffd21\" data-element_type=\"column\">\n\t\t\t<div class=\"elementor-widget-wrap elementor-element-populated\">\n\t\t\t\t\t\t<div class=\"elementor-element elementor-element-32dc623 elementor-widget elementor-widget-text-editor\" data-id=\"32dc623\" data-element_type=\"widget\" data-widget_type=\"text-editor.default\">\n\t\t\t\t<div class=\"elementor-widget-container\">\n\t\t\t\t\t\t\t<h2>Cyberoam UTM&nbsp;<\/h2>\n<p>Produkt Cyberoam UTM p\u0159edstavuje novou generaci sofistikovan\u00e9 ochrany na br\u00e1n\u011b.&nbsp;\u0158e\u0161en\u00ed v sob\u011b zahrnuje v\u0161echny d\u016fle\u017eit\u00e9 prvky od klasick\u00e9ho firewallu, p\u0159es aplika\u010dn\u00ed firewall, IPS, antimalware a\u017e po antispam. D\u00edky pe\u010dliv\u011b vybran\u00fdm komponent\u016fm, ze kter\u00fdch se tato appliance skl\u00e1d\u00e1 (komer\u010dn\u00ed + vlastni v\u00fdvoj), je zaji\u0161t\u011bna jej\u00ed dlouhodob\u00e1 podpora a vynikaj\u00edc\u00ed \u00fa\u010dinnost v porovn\u00e1n\u00ed s ostatn\u00edmi produkty na trhu. \u0158e\u0161en\u00ed obsahuje i unik\u00e1tn\u00ed ochranu na b\u00e1zi identity u\u017eivatel\u016f, tzv. &#8222;ochranu na 8. vrstv\u011b&#8220;, kter\u00e1 administr\u00e1tor\u016fm usnad\u0148uje sledov\u00e1n\u00ed \u010dinnosti u\u017eivatel\u016f v&nbsp;s\u00edti. <br><\/p><p>Umo\u017e\u0148uje stopovat v\u00fdskyt p\u0159\u00edpadn\u00fdch hrozeb a\u017e ke konkr\u00e9tn\u00ed osob\u011b uvnit\u0159 firmy. Poskytuje tak\u00e9 jednoduch\u00fd zp\u016fsob nastaven\u00ed pravidel u\u017eivatel\u016fm pro bezpe\u010dn\u00fd p\u0159\u00edstup na internet, \u010d\u00edm\u017e m\u016f\u017ee b\u00fdt podpo\u0159ena zv\u00fd\u0161en\u00e1 produktivita jejich pr\u00e1ce (z\u00e1kaz str\u00e1nek s nevhodn\u00fdm obsahem, omezen\u00ed rychlosti stahov\u00e1n\u00ed, nastaven\u00ed limitu na stahovan\u00fd objem dat, atd&#8230;).<\/p>\n<p><\/p>\t\t\t\t\t\t<\/div>\n\t\t\t\t<\/div>\n\t\t\t\t<div class=\"elementor-element elementor-element-409c172 elementor-widget elementor-widget-image\" data-id=\"409c172\" data-element_type=\"widget\" data-widget_type=\"image.default\">\n\t\t\t\t<div class=\"elementor-widget-container\">\n\t\t\t\t\t\t\t\t\t\t\t\t\t<img fetchpriority=\"high\" decoding=\"async\" width=\"404\" height=\"492\" src=\"https:\/\/www.soledpro.cz\/wp-content\/uploads\/2021\/02\/cyberoam.png\" class=\"attachment-large size-large wp-image-298\" alt=\"cyberoam\" srcset=\"https:\/\/www.soledpro.cz\/wp-content\/uploads\/2021\/02\/cyberoam.png 404w, https:\/\/www.soledpro.cz\/wp-content\/uploads\/2021\/02\/cyberoam-246x300.png 246w\" sizes=\"(max-width: 404px) 100vw, 404px\" \/>\t\t\t\t\t\t\t\t\t\t\t\t\t<\/div>\n\t\t\t\t<\/div>\n\t\t\t\t\t<\/div>\n\t\t<\/div>\n\t\t\t\t\t<\/div>\n\t\t<\/section>\n\t\t\t\t<\/div>","protected":false},"excerpt":{"rendered":"<p>Ochrana na br\u00e1n\u011b SOLEDPRO UV\u00c1D\u00cd NA TRH V \u010cR RE\u00c1LNOU IT BEZPE\u010cNOST Cyberoam UTM&nbsp; Produkt Cyberoam UTM p\u0159edstavuje novou generaci sofistikovan\u00e9 ochrany na br\u00e1n\u011b.&nbsp;\u0158e\u0161en\u00ed v sob\u011b zahrnuje v\u0161echny d\u016fle\u017eit\u00e9 prvky od klasick\u00e9ho firewallu, p\u0159es aplika\u010dn\u00ed firewall, IPS, antimalware a\u017e po antispam. D\u00edky pe\u010dliv\u011b vybran\u00fdm komponent\u016fm, ze kter\u00fdch se tato appliance skl\u00e1d\u00e1 (komer\u010dn\u00ed + vlastni v\u00fdvoj), [&hellip;]<\/p>","protected":false},"author":1,"featured_media":0,"parent":123,"menu_order":4,"comment_status":"closed","ping_status":"closed","template":"","meta":{"footnotes":""},"class_list":["post-230","page","type-page","status-publish","hentry"],"_links":{"self":[{"href":"https:\/\/www.soledpro.cz\/de\/wp-json\/wp\/v2\/pages\/230","targetHints":{"allow":["GET"]}}],"collection":[{"href":"https:\/\/www.soledpro.cz\/de\/wp-json\/wp\/v2\/pages"}],"about":[{"href":"https:\/\/www.soledpro.cz\/de\/wp-json\/wp\/v2\/types\/page"}],"author":[{"embeddable":true,"href":"https:\/\/www.soledpro.cz\/de\/wp-json\/wp\/v2\/users\/1"}],"replies":[{"embeddable":true,"href":"https:\/\/www.soledpro.cz\/de\/wp-json\/wp\/v2\/comments?post=230"}],"version-history":[{"count":4,"href":"https:\/\/www.soledpro.cz\/de\/wp-json\/wp\/v2\/pages\/230\/revisions"}],"predecessor-version":[{"id":301,"href":"https:\/\/www.soledpro.cz\/de\/wp-json\/wp\/v2\/pages\/230\/revisions\/301"}],"up":[{"embeddable":true,"href":"https:\/\/www.soledpro.cz\/de\/wp-json\/wp\/v2\/pages\/123"}],"wp:attachment":[{"href":"https:\/\/www.soledpro.cz\/de\/wp-json\/wp\/v2\/media?parent=230"}],"curies":[{"name":"wp","href":"https:\/\/api.w.org\/{rel}","templated":true}]}}

<div data-elementor-type="wp-page" data-elementor-id="230" class="elementor elementor-230">
						<section class="elementor-section elementor-top-section elementor-element elementor-element-5463e43 elementor-section-height-min-height elementor-section-boxed elementor-section-height-default elementor-section-items-middle" data-id="5463e43" data-element_type="section" data-settings="{&quot;background_background&quot;:&quot;gradient&quot;,&quot;shape_divider_bottom&quot;:&quot;waves&quot;}">
							<div class="elementor-background-overlay"></div>
						<div class="elementor-shape elementor-shape-bottom" data-negative="false">
			<svg xmlns="http://www.w3.org/2000/svg" viewbox="0 0 1000 100" preserveaspectratio="none">
	<path class="elementor-shape-fill" d="M421.9,6.5c22.6-2.5,51.5,0.4,75.5,5.3c23.6,4.9,70.9,23.5,100.5,35.7c75.8,32.2,133.7,44.5,192.6,49.7	c23.6,2.1,48.7,3.5,103.4-2.5c54.7-6,106.2-25.6,106.2-25.6V0H0v30.3c0,0,72,32.6,158.4,30.5c39.2-0.7,92.8-6.7,134-22.4	c21.2-8.1,52.2-18.2,79.7-24.2C399.3,7.9,411.6,7.5,421.9,6.5z"/>
</svg>		</div>
					<div class="elementor-container elementor-column-gap-default">
					<div class="elementor-column elementor-col-100 elementor-top-column elementor-element elementor-element-d300992" data-id="d300992" data-element_type="column">
			<div class="elementor-widget-wrap elementor-element-populated">
						<div class="elementor-element elementor-element-206c429 elementor-widget elementor-widget-heading" data-id="206c429" data-element_type="widget" data-widget_type="heading.default">
				<div class="elementor-widget-container">
			<h1 class="elementor-heading-title elementor-size-default">Schutz am Tor</h1>		</div>
				</div>
				<div class="elementor-element elementor-element-b858338 elementor-widget elementor-widget-heading" data-id="b858338" data-element_type="widget" data-widget_type="heading.default">
				<div class="elementor-widget-container">
			<h3 class="elementor-heading-title elementor-size-default">SOLEDPRO UVÁDÍ NA TRH V ČR
REÁLNOU IT BEZPEČNOST</h3>		</div>
				</div>
					</div>
		</div>
					</div>
		</section>
				<section class="elementor-section elementor-top-section elementor-element elementor-element-dbdf50f elementor-section-boxed elementor-section-height-default elementor-section-height-default" data-id="dbdf50f" data-element_type="section">
						<div class="elementor-container elementor-column-gap-default">
					<div class="elementor-column elementor-col-100 elementor-top-column elementor-element elementor-element-5cffd21" data-id="5cffd21" data-element_type="column">
			<div class="elementor-widget-wrap elementor-element-populated">
						<div class="elementor-element elementor-element-32dc623 elementor-widget elementor-widget-text-editor" data-id="32dc623" data-element_type="widget" data-widget_type="text-editor.default">
				<div class="elementor-widget-container">
							<h2>Cyberoam UTM&nbsp;</h2>
<p>Produkt Cyberoam UTM představuje novou generaci sofistikované ochrany na bráně.&nbsp;Řešení v sobě zahrnuje všechny důležité prvky od klasického firewallu, přes aplikační firewall, IPS, antimalware až po antispam. Díky pečlivě vybraným komponentům, ze kterých se tato appliance skládá (komerční + vlastni vývoj), je zajištěna její dlouhodobá podpora a vynikající účinnost v porovnání s ostatními produkty na trhu. Řešení obsahuje i unikátní ochranu na bázi identity uživatelů, tzv. &#8222;ochranu na 8. vrstvě&#8220;, která administrátorům usnadňuje sledování činnosti uživatelů v&nbsp;síti. <br></p><p>Umožňuje stopovat výskyt případných hrozeb až ke konkrétní osobě uvnitř firmy. Poskytuje také jednoduchý způsob nastavení pravidel uživatelům pro bezpečný přístup na internet, čímž může být podpořena zvýšená produktivita jejich práce (zákaz stránek s nevhodným obsahem, omezení rychlosti stahování, nastavení limitu na stahovaný objem dat, atd&#8230;).</p>
<p></p>						</div>
				</div>
				<div class="elementor-element elementor-element-409c172 elementor-widget elementor-widget-image" data-id="409c172" data-element_type="widget" data-widget_type="image.default">
				<div class="elementor-widget-container">
													<img fetchpriority="high" decoding="async" width="404" height="492" src="https://www.soledpro.cz/wp-content/uploads/2021/02/cyberoam.png" class="attachment-large size-large wp-image-298" alt="cyberoam" srcset="https://www.soledpro.cz/wp-content/uploads/2021/02/cyberoam.png 404w, https://www.soledpro.cz/wp-content/uploads/2021/02/cyberoam-246x300.png 246w" sizes="(max-width: 404px) 100vw, 404px" />													</div>
				</div>
					</div>
		</div>
					</div>
		</section>
				</div>

<p>Ochrana na bráně SOLEDPRO UVÁDÍ NA TRH V ČR REÁLNOU IT BEZPEČNOST Cyberoam UTM&nbsp; Produkt Cyberoam UTM představuje novou generaci sofistikované ochrany na bráně.&nbsp;Řešení v sobě zahrnuje všechny důležité prvky od klasického firewallu, přes aplikační firewall, IPS, antimalware až po antispam. Díky pečlivě vybraným komponentům, ze kterých se tato appliance skládá (komerční + vlastni vývoj), [&hellip;]</p>
